et t(c) = -225*c - 15. Let v(l) = -32*l - 2. Let h(z) = -2*t(z) + 15*v(z). What are the prime factors of h(-1)?
2, 3, 5
Let b be ((-8)/6)/((-4)/(-18)). Let a = 14 + b. List the prime factors of a.
2
List the prime factors of 27/(-2)*32/(-24).
2, 3
Suppose 35 = s - 1. Suppose -k - 23 = -4*i, 4*i - 22 - 4 = 2*k. Suppose 0 = -5*c + 3*w + w + 45, -4*c + i*w + s = 0. What are the prime factors of c?
3
Suppose -2*t = 1 + 7. Let l = t + 11. List the prime factors of l.
7
Let h = -25 - -51. What are the prime factors of h?
2, 13
Let h(x) = x + 5. Let m be h(-3). Suppose -c + 2 = -3*p, -c = -6*c - 2*p + 10. Suppose -m*u + c = -2*j - 0*u, -u = -3. List the prime factors of j.
2
Let k(m) = -m**3 - 9*m**2 - 7. What are the prime factors of k(-10)?
3, 31
Let y(x) = -x**3 + 8*x**2 + 2*x - 2. Suppose -4*d + 29 + 3 = 0. What are the prime factors of y(d)?
2, 7
Let v be (-32)/2 - (-3)/3. Let t = -40 + 9. Let u = v - t. List the prime factors of u.
2
Suppose 3*i - 36 = 4*j - 165, -165 = -5*j + 5*i. What are the prime factors of j?
2, 3, 5
Suppose -6*w + 226 = -122. What are the prime factors of w?
2, 29
Let q = 6 + -2. Suppose 0 = -q*d + b + 36, -2*d + 46 = 3*d - b. List the prime factors of d.
2, 5
Let p be (-1)/4 + (-6)/8. Let n(i) = -14*i**3 - 2*i**2 - i. Let v be n(p). Let r = 27 - v. What are the prime factors of r?
2, 7
Let z(o) = 99*o - 21. List the prime factors of z(4).
3, 5
Suppose 8*a - a = 420. List the prime factors of a.
2, 3, 5
Let t be (9 + 1)/(12/(-18)). Let a = 9 - t. List the prime factors of a.
2, 3
Let q be (24/(-20))/((-4)/10). Suppose 0 = y - q - 0. List the prime factors of y.
3
Let h(n) = n**2 + 4*n. Let w be h(-4). Let q be (-1 + w - 2) + -2. What are the prime factors of q/(-5)*(-48)/(-2)?
2, 3
Suppose -m + 0*m - 7 = 0. List the prime factors of 1 + 1 - (m - 1).
2, 5
Let l(b) = b**3 + 5*b**2 + 3*b. Let f = -13 + 9. Let d be l(f). What are the prime factors of (3/(-5))/(d/(-60))?
3
Let t(z) = z**3 - z**2 + 2*z. Suppose 3*c + 8 = 5*c, b + 4*c = 21. Suppose 2*x = -b*s + s, -x = -2*s - 4. What are the prime factors of t(x)?
2
Let j(q) = -q**3 + q**2 + 1. Let p(h) = 5*h**3 + 2*h - 8. Let o(k) = -4*j(k) - p(k). What are the prime factors of o(-4)?
2, 3
Suppose -c + 4 = -5*c. Let y be -1 + (-15 - -2) + 2. What are the prime factors of ((-1)/(-2))/(c/y)?
2, 3
Let u(w) = -w**2 + 12*w - 14. Let i be u(10). Suppose i*t - 65 = t. List the prime factors of t.
13
Let k = -272 + 517. What are the prime factors of k?
5, 7
Let u = 9 - 10. What are the prime factors of (1 + 0)*(-12)/u?
2, 3
Let j(z) = z. Let t be j(4). What are the prime factors of 3 - 0 - t*-1?
7
Let d be (9/2)/(6/(-8)). List the prime factors of 9 + -6*3/d.
2, 3
List the prime factors of 1 + (104 - (-4)/2).
107
Suppose -w + 0*w = -2. Suppose w*q - p - 13 = 0, -3*p + 17 = 3*q + 2. List the prime factors of q.
2, 3
Suppose d = -g + 27, 0 = 5*d - 2*g - 2*g - 126. List the prime factors of d.
2, 13
Let c = 156 + -86. List the prime factors of c.
2, 5, 7
Suppose -20 - 28 = 2*g. Let d(i) = -i**3 + 7*i**2 - 8. Let s be d(7). Let q = s - g. What are the prime factors of q?
2
Suppose 2*w - 20 - 50 = 0. What are the prime factors of w?
5, 7
Let t(w) = w**2 - 14*w + 16. Let d be t(11). Let q = d - -26. List the prime factors of q.
3
Suppose -4*o + 28 = 4*i, 4*i - o - 11 = -i. Suppose 5*d - 3*d = -5*f + 81, 0 = i*d - f - 147. Suppose 3*w = -w + d. List the prime factors of w.
2, 3
Suppose -3*r + 0*r = -15. Suppose r*m - 30 = 10. List the prime factors of m.
2
Suppose 0 = o - 7 - 20. What are the prime factors of o?
3
Suppose -13 + 112 = 3*v. What are the prime factors of v?
3, 11
Suppose 0 = k - 0*k. Suppose k = 2*q + 2*q - 32. List the prime factors of q/(-2)*2/(-4).
2
Suppose 0 = -4*d + h - 51 + 384, -313 = -4*d - 3*h. Let q = -44 + d. What are the prime factors of q?
2, 19
Let o(f) = 2*f - 8. Let b be 63/14*2/1. List the prime factors of o(b).
2, 5
What are the prime factors of (-110)/6*(-5 + -4)?
3, 5, 11
Let f(o) = o**2 - 2*o + 4. Let u be f(4). Suppose 20 = -3*m + 2*m + 4*l, -m - u = 4*l. Let w = -10 - m. List the prime factors of w.
2, 3
Suppose 0 = -2*g + 6*g. Suppose g = -f - 3*f - h + 97, 4*f + 4*h - 100 = 0. What are the prime factors of f?
2, 3
Suppose -4*f - 8 = -6*f, -r - 3*f + 40 = 0. List the prime factors of r.
2, 7
Let q be (-50)/5*((-7)/(-2) + -3). Let h(s) = 8*s**2. Let f be h(-1). Let n = f + q. List the prime factors of n.
3
Let a = 2 - 3. Let x be 24 - -2 - (0 - a). Let o = -14 + x. What are the prime factors of o?
11
Let h(l) = -2*l + 4. What are the prime factors of h(-3)?
2, 5
Let k(o) = 51*o. List the prime factors of k(1).
3, 17
Let d(i) = i**2 - 3*i + 3. Let v be d(2). Let o = 24 + v. What are the prime factors of o?
5
Let t(a) = -a**3 - 8*a**2 - a - 4. Let n(l) = 3*l**2 - l - 4. Let z be n(4). Suppose -6*h = -h + z. List the prime factors of t(h).
2
Let k = -33 - -49. List the prime factors of k.
2
Let w(z) = 2*z. What are the prime factors of w(3)?
2, 3
Let w(v) = 7*v - 6. What are the prime factors of w(17)?
113
Suppose -3*q + v = -7*q - 52, 0 = -5*q - 4*v - 76. Let z(s) = -s**2 - 11*s + 15. Let i be z(q). Suppose 3 = -i*l + 21. List the prime factors of l.
2, 3
Let f(u) = -u**2 + 5*u + 4. Let m be f(5). Suppose -r = -4*j + 11, -7*r + 3*r + m = -4*j. What are the prime factors of j?
2
Let m(f) = f + 6. Let r be m(5). Suppose y - r = -0*y. Let t = -7 + y. What are the prime factors of t?
2
Let h = 6 - 2. Suppose 3 = q - h. What are the prime factors of q?
7
Suppose 0 = -2*y + 5*x + 35, -2 = -3*y + 3*x + 37. Let f(m) = m**2 + 5*m - 1. Let t be f(-6). Suppose 25 = t*d + y. List the prime factors of d.
3
Suppose 14 = -0*a - 2*a - 4*b, 0 = 2*a + b + 2. Let m be a + 0 + 2/1. Suppose c + m - 15 = 0. List the prime factors of c.
2, 3
Let k(c) = -c**2 + c + 7. Let q be k(6). What are the prime factors of (-4 - -6)/((-2)/q)?
23
Suppose 5*m = 155 + 250. List the prime factors of m.
3
Let a(z) = -21*z - 1. Let c be a(3). List the prime factors of 3/(-1) + c/(-2).
29
Let d(a) = -a**3 - 3*a**2 + 2*a + 4. Let t be -2 + -2*2 + 2. Let f be d(t). What are the prime factors of 3/f + (-38)/(-8)?
5
What are the prime factors of 10/(1 + (-36)/40)?
2, 5
What are the prime factors of (49 + -1)*2/4?
2, 3
Suppose -7*v + 2018 = 121. What are the prime factors of v?
271
Let p be -4*(4 - 36/8). Suppose -3*o + 8 = -g, 0 = -5*g - 0*o - o + 40. Suppose -p*x + 17 = g. List the prime factors of x.
5
Let v = -18 - -23. Suppose -v*y = -w - 18 - 56, 2 = -y - 4*w. List the prime factors of y.
2, 7
List the prime factors of (-592)/12*(-2 + 2/4).
2, 37
List the prime factors of (-630)/(-81) + 4/18.
2
Let z(y) = -2*y**3 - y**2 - 2*y - 1. Let l be (-2)/1 - 1*-1. Let h be z(l). Suppose h*j = j + 2. List the prime factors of j.
2
Suppose d - 2*x - x = 77, -d + 67 = 2*x. List the prime factors of d.
71
Let s = -14 - -18. Suppose s = -x, -x = 2*k - 4*k + 66. What are the prime factors of k?
31
Let i(x) = x**2 - 6*x + 6. List the prime factors of i(6).
2, 3
Let l = 12 - 10. Suppose -l*q + 43 = -3. What are the prime factors of q?
23
Suppose 0 = 3*n - 0*n - 30. Suppose 12*m - n*m - 78 = 0. List the prime factors of m.
3, 13
Let s(j) = -2*j + 35. List the prime factors of s(11).
13
Let y be 146/4 + (-9)/18. Let h = 70 - y. List the prime factors of h.
2, 17
Let l = 11 + -7. Suppose 0 = -l*i + 74 + 10. Suppose -2*f + i = -1. List the prime factors of f.
11
Let w = 5 + -1. Suppose -3*r + h = -w*r, -5*h = -4*r. Suppose r = -0*n - 2*n + 12. List the prime factors of n.
2, 3
Let n = -2 - -3. Let g = -2 + n. Let l = 4 + g. List the prime factors of l.
3
Suppose 644 = 4*i + 4*x, -4*i = -6*x + x - 662. List the prime factors of i.
163
Let u = -208 - -219. What are the prime factors of u?
11
Let i = 13 - 22. List the prime factors of (5 + i)*(-10)/4.
2, 5
Suppose -3*l + 2 + 7 = 0. Suppose -l*p + 3 = -6. List the prime factors of p.
3
Let a(b) = -4 - 5*b - b + 3. Let h be a(-1). Suppose -78 + 23 = -5*m - h*v, 5*m - 27 = 2*v. What are the prime factors of m?
7
Suppose 3*z = -0*y + 3*y, -4*y + 2*z = 0. Suppose -3*b + 2*b + 5 = y. What are the prime factors of b?
5
Suppose -124 = -6*z + 2*z - 3*v, 3*v = 5*z - 128. Suppose 0*y + z = 2*y. Suppose 0 = -4*u - y + 66. What are the prime factors of u?
13
Suppose 0 = d + 3*v -